 and 35?
35
Calculate the greatest common factor of 10 and 1990.
10
Calculate the highest common factor of 25 and 115.
5
Calculate the greatest common factor of 2360 and 120.
40
Calculate the greatest common divisor of 32 and 176.
16
What is the highest common divisor of 110 and 110?
110
Calculate the highest common factor of 210 and 110.
10
Calculate the highest common divisor of 376 and 16.
8
Calculate the greatest common divisor of 7261 and 53.
53
Calculate the greatest common divisor of 244 and 8.
4
What is the greatest common divisor of 150 and 25350?
150
What is the greatest common divisor of 585 and 27?
9
What is the highest common factor of 36 and 2172?
12
Calculate the highest common factor of 46 and 3358.
46
Calculate the greatest common divisor of 636 and 12.
12
What is the highest common factor of 280 and 5180?
140
Calculate the greatest common divisor of 229 and 3.
1
What is the highest common factor of 128 and 80?
16
What is the highest common divisor of 13 and 1755?
13
Calculate the highest common factor of 29 and 27869.
29
What is the highest common divisor of 12 and 1212?
12
What is the greatest common divisor of 63 and 2100?
21
What is the greatest common divisor of 72 and 424?
8
Calculate the greatest common factor of 156 and 702.
78
Calculate the greatest common factor of 48 and 2532.
12
Calculate the greatest common divisor of 8 and 100.
4
Calculate the highest common factor of 2100 and 9300.
300
What is the greatest common divisor of 8 and 2?
2
Calculate the greatest common divisor of 19 and 167.
1
Calculate the greatest common factor of 81 and 18.
9
What is the highest common divisor of 105 and 2135?
35
What is the highest common factor of 121 and 33?
11
Calculate the greatest common factor of 10 and 235.
5
What is the highest common divisor of 288 and 372?
12
What is the greatest common factor of 775 and 31?
31
Calculate the highest common divisor of 2233 and 35.
7
What is the highest common factor of 216 and 459?
27
Calculate the greatest common divisor of 2460 and 451.
41
Calculate the greatest common factor of 1 and 25.
1
What is the highest common divisor of 1023 and 363?
33
What is the highest common divisor of 99 and 135?
9
Calculate the highest common factor of 25 and 12275.
25
Calculate the highest common factor of 15 and 21.
3
Calculate the highest common factor of 102 and 702.
6
Calculate the greatest common divisor of 87 and 39.
3
What is the highest common divisor of 836 and 19?
19
Calculate the greatest common divisor of 377 and 116.
29
Calculate the greatest common divisor of 126 and 434.
14
Calculate the highest common factor of 1617 and 429.
33
What is the highest common divisor of 9099 and 27?
27
What is the greatest common factor of 26 and 2522?
26
What is the greatest common factor of 388 and 2522?
194
Calculate the highest common divisor of 72 and 5112.
72
What is the highest common divisor of 5777 and 53?
53
Calculate the greatest common divisor of 8 and 360.
8
What is the greatest common divisor of 8 and 22?
2
Calculate the highest common factor of 330 and 88.
22
Calculate the greatest common factor of 712 and 89.
89
Calculate the highest common divisor of 1106 and 91.
7
Calculate the greatest common divisor of 24 and 1000.
8
What is the highest common factor of 2952 and 18?
18
What is the highest common divisor of 6 and 12414?
6
What is the highest common factor of 112 and 10864?
112
What is the highest common divisor of 26 and 13?
13
Calculate the highest common divisor of 3444 and 252.
84
What is the highest common divisor of 180 and 220?
20
What is the highest common divisor of 4017 and 39?
39
What is the greatest common factor of 98 and 112?
14
Calculate the greatest common factor of 25 and 11675.
25
What is the highest common factor of 116 and 149524?
116
Calculate the highest common divisor of 56 and 728.
56
What is the greatest common divisor of 2 and 176?
2
Calculate the greatest common divisor of 105 and 1925.
35
What is the greatest common factor of 414 and 92?
46
What is the greatest common divisor of 744 and 504?
24
What is the greatest common divisor of 6 and 2643?
3
Calculate the greatest common divisor of 63 and 427.
7
Calculate the greatest common divisor of 25 and 5.
5
What is the greatest common divisor of 3715 and 10?
5
Calculate the highest common divisor of 86 and 7654.
86
What is the greatest common factor of 950 and 4650?
50
Calculate the highest common factor of 1081 and 47.
47
What is the greatest common divisor of 52 and 130?
26
Calculate the greatest common factor of 28 and 120092.
28
Calculate the highest common factor of 108 and 276.
12
Calculate the greatest common factor of 51 and 272.
17
What is the highest common divisor of 2323 and 23?
23
Calculate the greatest common factor of 168 and 1449.
21
Calculate the highest common divisor of 1411 and 83.
83
Calculate the greatest common factor of 12 and 36.
12
Calculate the greatest common divisor of 840 and 21.
21
Calculate the greatest common divisor of 14 and 1463.
7
Calculate the highest common divisor of 1136 and 71.
71
Calculate the greatest common factor of 6 and 3.
3
What is the greatest common divisor of 2134 and 22?
22
What is the greatest common factor of 21 and 1967?
7
What is the highest common factor of 119 and 17?
17
What is the highest common divisor of 171 and 152?
19
Calculate the highest common divisor of 16579 and 59.
59
What is the greatest common divisor of 97 and 42001?
97
What is the greatest common factor of 14809 and 59?
59
What is the greatest common factor of 10210 and 10?
10
Calculate the greatest common factor of 306 and 18.
18
What is the highest common factor of 420 and 1540?
140
Calculate the greatest common divisor of 25 and 5.
5
Calculate the greatest common factor of 4727 and 29.
29
Calculate the highest common factor of 544 and 646.
34
Calculate the greatest common factor of 51 and 31263.
51
What is the highest common factor of 1088 and 782?
34
Calculate the greatest common factor of 8 and 388.
4
Calculate the greatest common factor of 847 and 2057.
121
Calculate the greatest common factor of 583 and 901.
53
Calculate the greatest common factor of 820 and 85.
5
Calculate the highest common factor of 29183 and 231.
77
What is the highest common factor of 24 and 4056?
24
Calculate the greatest common factor of 986 and 58.
58
Calculate the highest common divisor of 152 and 38912.
152
Calculate the highest common factor of 2581 and 89.
89
Calculate the greatest common divisor of 32 and 608.
32
Calculate the highest common factor of 189 and 42.
21
What is the greatest common divisor of 3204 and 18?
18
What is the highest common factor of 843 and 30?
3
What is the greatest common divisor of 27 and 3?
3
What is the greatest common factor of 25 and 425?
25
What is the greatest common factor of 50 and 39650?
50
Calculate the greatest common factor of 18 and 126.
18
Calculate the highest common divisor of 44 and 108.
4
Calculate the highest common divisor of 96 and 47832.
24
Calculate the highest common factor of 1505 and 35.
35
What is the highest common divisor of 5913 and 18?
9
What is the greatest common divisor of 210 and 126?
42
What is the highest common factor of 8424 and 144?
72
Calculate the greatest common divisor of 165 and 145.
5
Calculate the greatest common divisor of 352 and 44.
44
Calculate the highest common factor of 260 and 15.
5
Calculate the greatest common divisor of 4302 and 18.
18
Calculate the greatest common factor of 24 and 3.
3
What is the highest common factor of 69 and 759?
69
What is the greatest common factor of 384 and 36?
12
Calculate the highest common divisor of 610 and 40.
10
Calculate the highest common divisor of 22 and 6094.
22
What is the highest common divisor of 10539 and 18?
9
Calculate the highest common factor of 91 and 98.
7
What is the highest common factor of 470 and 80?
10
What is the highest common factor of 46 and 2?
2
What is the highest common divisor of 1763 and 41?
41
Calculate the greatest common factor of 714 and 798.
42
Calculate the highest common factor of 24 and 112.
8
Calculate the highest common divisor of 289 and 17.
17
Calculate the highest common factor of 36 and 60.
12
Calculate the greatest common divisor of 120 and 1065.